e 9) to base 15.
-4cd
What is 14842 (base 13) in base 9?
58141
What is 1034 (base 16) in base 6?
31112
Convert 241411 (base 5) to base 7.
35120
-400 (base 9) to base 5
-2244
-4102 (base 6) to base 7
-2426
What is 213 (base 8) in base 15?
94
What is -615 (base 11) in base 14?
-3b0
1042 (base 7) to base 2
101110101
What is 748 (base 9) in base 11?
506
-10100111101 (base 2) to base 3
-1211200
Convert 14032 (base 9) to base 15.
2c3b
What is -11834 (base 11) in base 7?
-100332
What is -8a60 (base 12) in base 5?
-442321
What is 1011 (base 12) in base 6?
12021
What is c9 (base 13) in base 5?
1130
Convert 1f32 (base 16) to base 6.
100550
1a (base 12) to base 4
112
Convert 2123 (base 5) to base 12.
200
Convert 915 (base 14) to base 16.
6f7
What is ffaa (base 16) in base 15?
145d5
-612 (base 16) to base 5
-22204
Convert 3612 (base 7) to base 11.
1001
Convert -3a1 (base 11) to base 7.
-1245
Convert -8984 (base 15) to base 3.
-1110222121
-1792 (base 13) to base 4
-312223
What is 421 (base 7) in base 3?
21211
Convert -53b (base 13) to base 12.
-627
Convert 10000001110101110 (base 2) to base 12.
3257a
-3566 (base 16) to base 14
-4da6
What is 1888 (base 9) in base 11?
1105
-2a0 (base 15) to base 16
-258
Convert -19153 (base 15) to base 2.
-10011110110010111
Convert 13808 (base 11) to base 13.
8c06
What is -56216 (base 8) in base 6?
-301410
Convert -1a8 (base 12) to base 10.
-272
Convert -106524 (base 7) to base 9.
-28213
Convert -1032 (base 7) to base 15.
-196
What is a912 (base 11) in base 16?
384c
Convert 711 (base 9) to base 10.
577
Convert -131204 (base 6) to base 2.
-10111010110100
Convert -1101010110100 (base 2) to base 15.
-205b
1120300 (base 4) to base 10
5680
What is -3337 (base 10) in base 8?
-6411
2892 (base 10) to base 8
5514
-210201 (base 3) to base 10
-586
Convert -6185 (base 10) to base 3.
-22111002
What is 21a (base 12) in base 15?
15a
Convert -1001010100100 (base 2) to base 14.
-1a4c
1570 (base 12) to base 5
40112
Convert 473 (base 8) to base 15.
160
10000101011 (base 2) to base 9
1415
What is 111111001001010 (base 2) in base 14?
bad4
Convert 146 (base 9) to base 12.
a3
What is 2c25 (base 14) in base 2?
1111011000001
What is -102256 (base 8) in base 10?
-33966
What is -3 (base 5) in base 7?
-3
Convert 166 (base 13) to base 16.
fd
-30322 (base 4) to base 5
-11301
5521 (base 13) to base 16
2e51
Convert 121a4 (base 11) to base 6.
213110
Convert 20000111 (base 3) to base 2.
1000100100011
What is d58 (base 16) in base 5?
102131
What is -111001110 (base 2) in base 13?
-297
2019 (base 11) to base 12
1676
468 (base 13) to base 9
1036
2230 (base 6) to base 9
640
What is 92358 (base 10) in base 7?
533160
What is 3243123 (base 5) in base 15?
1190d
Convert -3203 (base 6) to base 2.
-1011010011
What is -1021010 (base 3) in base 4?
-32121
What is 2110222 (base 4) in base 3?
111001101
-11101000100 (base 2) to base 6
-12340
-2103233 (base 4) to base 2
-10010011101111
3a4 (base 16) to base 10
932
Convert 1018 (base 10) to base 3.
1101201
Convert 575 (base 12) to base 7.
2234
What is -321621 (base 7) in base 9?
-84573
-2845 (base 16) to base 11
-7822
What is 6777 (base 11) in base 8?
21325
Convert -17d5 (base 14) to base 5.
-114203
Convert 6566 (base 15) to base 14.
7b79
4c6 (base 15) to base 13
657
What is -43479 (base 10) in base 8?
-124727
What is -131321 (base 4) in base 5?
-30123
Convert 177 (base 14) to base 4.
10231
Convert -203100 (base 5) to base 14.
-25d0
-144 (base 5) to base 9
-54
What is 100100010000010 (base 2) in base 7?
105055
-151505 (base 7) to base 8
-71335
What is -1020 (base 7) in base 12?
-259
1403 (base 10) to base 9
1828
-2045 (base 6) to base 15
-20b
What is 7712 (base 11) in base 3?
111221221
Convert -1231 (base 4) to base 15.
-74
What is cbe (base 15) in base 9?
3848
Convert 10221212021 (base 3) to base 10.
77902
Convert -1c3 (base 14) to base 9.
-447
41a (base 16) to base 14
550
Convert -2444 (base 6) to base 9.
-741
-49d (base 15) to base 7
-3025
Convert 2433 (base 9) to base 10.
1812
-15644 (base 7) to base 11
-3379
-2a78 (base 13) to base 14
-2379
What is -3a1 (base 11) in base 3?
-122120
What is -2201 (base 6) in base 4?
-13321
7249 (base 10) to base 16
1c51
What is 101101100010110 (base 2) in base 13?
a7c9
What is 2023 (base 7) in base 14?
383
What is 1566 (base 9) in base 11?
996
-102120 (base 3) to base 8
-470
3301213 (base 4) to base 5
443323
Convert 1d5 (base 14) to base 11.
319
Convert cd (base 14) to base 13.
10c
What is 1233 (base 8) in base 16?
29b
Convert -232144 (base 6) to base 13.
-90c7
Convert -60303 (base 7) to base 2.
-11100011011100
What is -203043 (base 6) in base 7?
-65211
Convert -389a (base 13) to base 16.
-1f86
What is -30022 (base 4) in base 9?
-1054
What is 4278 (base 11) in base 5?
140101
2120 (base 3) to base 14
4d
What is -9002 (base 11) in base 8?
-27315
-1c8 (base 16) to base 9
-556
Convert 4325 (base 7) to base 11.
1179
What is 1643 (base 11) in base 3?
2212221
Convert -52c6 (base 13) to base 16.
-2cdd
What is -9754 (base 15) in base 12?
-16651
Convert -100001101010001 (base 2) to base 6.
-211441
What is -3895 (base 11) in base 9?
-6847
Convert 1121001101 (base 3) to base 12.
161b4
What is 97a8 (base 14) in base 4?
12121220
-27b (base 15) to base 11
-475
What is -420 (base 8) in base 12?
-1a8
-10372 (base 10) to base 4
-2202010
What is -10d7 (base 15) in base 2?
-110111111001
What is 1476 (base 12) in base 9?
3250
Convert -201101 (base 3) to base 8.
-1013
Convert -1846 (base 9) to base 11.
-1080
What is 2a8a (base 12) in base 8?
11612
Convert 110011000001111 (base 2) to base 5.
1314002
Convert -1010001010011 (base 2) to base 6.
-40031
-1007 (base 8) to base 7
-1341
Convert -3cb (base 16) to base 9.
-1288
Convert 652 (base 15) to base 14.
73d
-20453 (base 6) to base 7
-11034
What is -6c7 (base 14) in base 15?
-601
Convert -36108 (base 9) to base 6.
-303442
Convert 12423 (base 5) to base 10.
988
428e (base 15) to base 9
21278
What is -56d (base 15) in base 12?
-864
-885 (base 16) to base 7
-6234
What is -43641 (base 7) in base 13?
-4caa
Convert -1202311 (base 4) to base 7.
-24304
What is 16062 (base 9) in base 5?
322431
What is -1426 (base 7) in base 12?
-3a7
Convert 26757 (base 9) to base 7.
103546
Convert -5111 (base 11) to base 10.
-6788
What is -101011 (base 3) in base 7?
-541
Convert -23716 (base 8) to base 15.
-3045
3a5 (base 15) to base 12
592
What is -35ab (base 13) in base 16?
-1d99
What is -12632 (base 12) in base 11?
-17943
What is 774 (base 12) in base 9?
1447
Convert 61ed (base 15) to base 10.
20698
Convert 391 (base 13) to base 7.
1552
-35324 (base 6) to base 12
-2b44
-102320 (base 4) to base 6
-5332
What is -907 (base 10) in base 14?
-48b
Convert 555 (base 16) to base 8.
2525
Convert -2011002121 (base 3) to base 16.
-a570
What is -1010011010110 (base 2) in base 15?
-18a9
What is 2875c (base 13) in base 2?
10010100010110110
Convert -92 (base 13) to base 2.
-1110111
Convert 623 (base 9) to base 5.
4012
12120021 (base 3) to base 8
7731
-381 (base 14) to base 2
-1010111101
Convert -2989 (base 12) to base 10.
-4857
Convert 19a2 (base 14) to base 7.
16362
Convert 5120 (base 11) to base 4.
1222032
-6260 (base 7) to base 14
-b30
22702 (base 9) to base 4
3230231
What is 2493 (base 13) in base 15?
1810
What is 145 (base 6) in base 14?
49
What is 14625 (base 9) in base 16?
2702
14053 (base 6) to base 14
b29
Convert -62 (base 13) to base 3.
-2222
Convert -6177 (base 8) to base 15.
-e34
What is -38449 (base 10) in base 16?
-9631
What is 132c (base 14) in base 9?
4556
What is 5b (base 12) in base 4?
1013
Convert 1000010001 (base 2) to base 16.
211
-2844 (base 9) to base 13
-c91
Convert 34059 (base 11) to base 12.
24653
What is 3123222 (base 4) in base 6?
145030
-45611 (base 7) to base 10
-11621
-4ac (base 15) to base 14
-55c
226 (base 8) to base 12
106
What is 2131 (base 8) in base 11?
922
What is 5464 (base 8) in base 2?
101100110100
What is 5350 (base 7) in base 12?
1121
Convert 6317 (base 15) to base 13.
96c4
-25 (base 7) to base 5
-34
-767 (base 12) to base 7
-3112
80a0 (base 16) to base 3
1200011120
-2002010111 (base 3) to base 12
-1b81a
What is 568 (base 9) in base 12?
32b
Convert 45052 (base 9) to base 13.
1081a
What is 1130 (base 4) in base 15?
62
What is 3235 (base 6) in base 10?
743
W